ivisor of 18 and 2034.
18
What is the highest common factor of 611 and 752?
47
Calculate the greatest common factor of 192 and 18.
6
Calculate the highest common divisor of 26 and 20241.
13
Calculate the highest common factor of 835 and 3841.
167
What is the highest common factor of 21 and 203?
7
What is the highest common divisor of 357 and 12733?
119
Calculate the greatest common divisor of 562 and 22.
2
Calculate the greatest common divisor of 554 and 2.
2
Calculate the highest common divisor of 30 and 35.
5
What is the greatest common divisor of 84 and 324?
12
What is the greatest common divisor of 48 and 768?
48
What is the highest common factor of 36 and 72?
36
What is the greatest common divisor of 342 and 396?
18
What is the greatest common divisor of 285 and 765?
15
Calculate the greatest common divisor of 4134 and 78.
78
What is the highest common divisor of 21 and 5271?
21
What is the greatest common factor of 60 and 1140?
60
What is the highest common divisor of 126 and 35?
7
Calculate the greatest common factor of 241 and 3.
1
What is the highest common factor of 6 and 254?
2
Calculate the greatest common divisor of 20 and 44.
4
What is the highest common factor of 75 and 10?
5
Calculate the highest common factor of 11 and 1837.
11
What is the greatest common factor of 630 and 980?
70
Calculate the highest common factor of 505 and 303.
101
What is the greatest common divisor of 189 and 105?
21
Calculate the highest common divisor of 2944 and 460.
92
What is the greatest common divisor of 234 and 208?
26
Calculate the highest common divisor of 5488 and 112.
112
What is the greatest common factor of 685 and 5?
5
What is the highest common divisor of 132 and 1012?
44
What is the greatest common divisor of 551 and 87?
29
Calculate the greatest common factor of 396 and 216.
36
Calculate the highest common divisor of 200 and 30.
10
What is the highest common divisor of 162 and 6?
6
Calculate the greatest common divisor of 260 and 325.
65
What is the greatest common divisor of 57 and 3306?
57
Calculate the greatest common divisor of 63 and 36.
9
Calculate the highest common factor of 2289 and 63.
21
What is the greatest common divisor of 910 and 70?
70
Calculate the greatest common factor of 375 and 3.
3
What is the greatest common factor of 28544 and 223?
223
Calculate the greatest common factor of 2 and 2174.
2
What is the greatest common factor of 3247 and 51?
17
What is the highest common divisor of 288 and 108?
36
What is the highest common divisor of 16967 and 94?
47
What is the greatest common factor of 300 and 12?
12
Calculate the greatest common divisor of 171 and 912.
57
What is the highest common divisor of 580 and 4?
4
What is the greatest common factor of 6 and 884?
2
What is the greatest common factor of 172 and 4171?
43
Calculate the highest common divisor of 49 and 28.
7
Calculate the highest common divisor of 117 and 36.
9
Calculate the greatest common factor of 33 and 2959.
11
Calculate the highest common divisor of 1387 and 73.
73
Calculate the greatest common divisor of 16 and 154.
2
Calculate the greatest common divisor of 79 and 22357.
79
What is the highest common factor of 1440 and 192?
96
Calculate the highest common factor of 12 and 3522.
6
Calculate the highest common factor of 11 and 9.
1
Calculate the highest common factor of 1185 and 30.
15
What is the highest common divisor of 1500 and 105?
15
What is the greatest common factor of 665 and 19?
19
What is the highest common divisor of 8 and 936?
8
Calculate the greatest common divisor of 286 and 78.
26
What is the highest common divisor of 30 and 1995?
15
Calculate the greatest common divisor of 449 and 17062.
449
Calculate the highest common divisor of 2400 and 204.
12
Calculate the highest common factor of 70 and 224.
14
What is the greatest common factor of 803 and 292?
73
What is the greatest common factor of 240 and 348?
12
What is the greatest common factor of 264 and 1408?
88
What is the highest common factor of 48 and 108?
12
What is the highest common divisor of 2192 and 137?
137
Calculate the highest common factor of 12 and 3.
3
What is the greatest common divisor of 356 and 28836?
356
What is the greatest common divisor of 352 and 220?
44
Calculate the highest common divisor of 315 and 225.
45
What is the greatest common divisor of 36 and 1764?
36
What is the greatest common divisor of 7 and 15?
1
What is the highest common factor of 26411 and 44?
11
What is the highest common divisor of 33 and 704?
11
What is the greatest common factor of 719 and 2?
1
Calculate the greatest common divisor of 176 and 272.
16
Calculate the highest common factor of 1778 and 98.
14
Calculate the highest common divisor of 6219 and 9.
9
Calculate the highest common divisor of 820 and 3772.
164
Calculate the highest common divisor of 56 and 32.
8
Calculate the greatest common divisor of 247 and 104.
13
What is the highest common divisor of 91 and 13?
13
Calculate the highest common factor of 1003 and 17.
17
Calculate the highest common divisor of 58 and 87.
29
Calculate the greatest common divisor of 12126 and 47.
47
Calculate the highest common divisor of 493 and 51.
17
Calculate the highest common factor of 527 and 51.
17
What is the greatest common divisor of 945 and 665?
35
What is the greatest common divisor of 19432 and 84?
28
Calculate the highest common divisor of 5820 and 84.
12
Calculate the highest common factor of 312 and 60.
12
Calculate the greatest common divisor of 3084 and 12.
12
What is the highest common factor of 19344 and 39?
39
What is the greatest common factor of 57 and 2679?
57
Calculate the highest common divisor of 198 and 54.
18
What is the highest common divisor of 3059 and 20976?
437
What is the highest common factor of 128 and 32?
32
What is the highest common factor of 576 and 216?
72
What is the highest common factor of 468 and 12?
12
What is the greatest common factor of 1539 and 171?
171
Calculate the highest common divisor of 180 and 84.
12
Calculate the greatest common divisor of 41 and 15047.
41
Calculate the greatest common factor of 1053 and 729.
81
What is the greatest common divisor of 59 and 5723?
59
Calculate the greatest common divisor of 2363 and 17.
17
Calculate the highest common divisor of 198 and 8382.
66
What is the greatest common divisor of 3328 and 52?
52
Calculate the greatest common divisor of 92 and 5980.
92
Calculate the highest common factor of 1221 and 33.
33
Calculate the highest common divisor of 87 and 7801.
29
Calculate the greatest common factor of 621 and 276.
69
What is the highest common factor of 9 and 666?
9
What is the greatest common divisor of 224 and 7?
7
What is the greatest common factor of 645 and 45?
15
What is the greatest common divisor of 1272 and 32?
8
Calculate the highest common divisor of 90 and 7335.
45
Calculate the highest common divisor of 2 and 1728.
2
Calculate the highest common divisor of 20650 and 1400.
350
What is the highest common divisor of 60 and 168?
12
What is the highest common divisor of 25 and 425?
25
What is the highest common divisor of 68 and 2142?
34
What is the highest common factor of 92 and 12?
4
What is the highest common divisor of 323 and 19?
19
What is the highest common factor of 3178 and 28?
14
Calculate the greatest common divisor of 66320 and 80.
80
Calculate the highest common divisor of 70 and 10.
10
What is the highest common divisor of 19 and 152?
19
What is the highest common factor of 27745 and 155?
155
Calculate the greatest common divisor of 20 and 6.
2
What is the highest common divisor of 144 and 45?
9
Calculate the greatest common factor of 68 and 51.
17
Calculate the highest common factor of 598 and 26.
26
Calculate the highest common factor of 9 and 24.
3
What is the highest common factor of 165 and 66?
33
What is the greatest common divisor of 259 and 133?
7
What is the greatest common factor of 39 and 9?
3
What is the greatest common divisor of 1344 and 588?
84
What is the greatest common divisor of 48 and 37584?
48
Calculate the highest common factor of 2970 and 50.
10
What is the greatest common divisor of 9 and 2?
1
What is the greatest common factor of 144 and 2960?
16
Calculate the greatest common divisor of 224 and 252.
28
What 